1121
In base 7, what is 3 + -34635?
-34632
In base 10, what is -6 + 7870?
7864
In base 5, what is 2022 - -4002?
11024
In base 12, what is b - -18766?
18775
In base 12, what is 136667 - 3?
136664
In base 7, what is 1165 + 24214?
25412
In base 6, what is 4 + 15331343?
15331351
In base 12, what is -a - 51204?
-51212
In base 11, what is 686 + -3575?
-299a
In base 9, what is 5 + 7033?
7038
In base 7, what is 421404 - 4?
421400
In base 14, what is -1c + -2d24?
-2d42
In base 5, what is -44141 + 132?
-44004
In base 6, what is 535120 + 4?
535124
In base 15, what is d884 - -2?
d886
In base 7, what is 15341 - 244?
15064
In base 12, what is -39342 - 4?
-39346
In base 13, what is 297c + 2c?
29ab
In base 14, what is -2a + c8?
9c
In base 4, what is 10 + 131123212?
131123222
In base 6, what is 0 - 451541?
-451541
In base 13, what is -b28a - 16?
-b2a3
In base 14, what is 529 - -1?
52a
In base 5, what is -123 + 43402?
43224
In base 11, what is -44 + 2116?
2082
In base 5, what is -121002 + -2204?
-123211
In base 9, what is 1781 - 1513?
267
In base 12, what is -26b + -165?
-414
In base 4, what is -223001 - -1331?
-221010
In base 14, what is -99d - 233?
-bd2
In base 7, what is -10 + 2315?
2305
In base 16, what is -fda5 + 4?
-fda1
In base 10, what is -127209 + 5?
-127204
In base 8, what is 11070 - -22?
11112
In base 12, what is 14888 - 3?
14885
In base 4, what is -1300 - -112302?
111002
In base 10, what is 5252339 + 5?
5252344
In base 7, what is 65 - -25025?
25123
In base 9, what is 104 + -103?
1
In base 8, what is -4 - 415166?
-415172
In base 3, what is -221112 - -121221?
-22121
In base 16, what is 1169 - -12?
117b
In base 12, what is -11a5 + 574?
-831
In base 12, what is 17a9592 - -3?
17a9595
In base 16, what is 4 + -28cb?
-28c7
In base 15, what is -a - -1db?
1d1
In base 11, what is -871 + 279?
-5a3
In base 16, what is 8856 + 12?
8868
In base 14, what is 34 + 2c5?
319
In base 4, what is -3101 + -1103?
-10210
In base 16, what is 620 - -75?
695
In base 9, what is 27 - 6275?
-6247
In base 15, what is d65 + -1a0?
bb5
In base 7, what is -4044 - 445?
-4522
In base 16, what is 6dd2 + 7f?
6e51
In base 9, what is -1 - 2370?
-2371
In base 9, what is -54667 + 138?
-54528
In base 6, what is 55 - -11245?
11344
In base 10, what is 27 + 8443?
8470
In base 15, what is -2ba - 8e?
-359
In base 12, what is 778 + 65?
821
In base 7, what is 210 - 561?
-351
In base 9, what is -2 + -215220?
-215222
In base 7, what is -5 + -235405?
-235413
In base 4, what is -121320323 + 10?
-121320313
In base 2, what is -101100110 + -11101110?
-1001010100
In base 2, what is -111011011 + -1000011?
-1000011110
In base 12, what is 303187 + 1?
303188
In base 5, what is -344220441 + 2?
-344220434
In base 8, what is 763177 - 35?
763142
In base 9, what is 4 + 2665?
2670
In base 14, what is 14 - 14cac?
-14c98
In base 14, what is 168c - 38?
1654
In base 6, what is 0 + -2005041?
-2005041
In base 12, what is 3532 - -110?
3642
In base 11, what is -3817 - -1?
-3816
In base 11, what is 56 - -243a7?
24452
In base 10, what is -11599 + -5?
-11604
In base 4, what is -1 + 131323?
131322
In base 4, what is -3122 + -21102?
-30230
In base 15, what is -5 - -53c09?
53c04
In base 11, what is 1115126 + 0?
1115126
In base 14, what is 440c - -55?
4463
In base 9, what is 7 + 8705?
8713
In base 4, what is -1022 - -1000221?
333133
In base 7, what is -24 + -143?
-200
In base 7, what is 1 + -155530?
-155526
In base 9, what is 615 + 110?
725
In base 4, what is 12001012 + -1?
12001011
In base 9, what is 40 - -275?
325
In base 3, what is 20 - 21201010?
-21200220
In base 2, what is 11101 - 110010001010?
-110001101101
In base 8, what is 1174 + 2414?
3610
In base 8, what is -3 + 635677?
635674
In base 12, what is -9 - -95747?
9573a
In base 13, what is 1120a + -5?
11205
In base 13, what is -11 - -90a0?
908c
In base 2, what is 1011 - 1010000000101000?
-1010000000011101
In base 3, what is 2100 + -210202?
-201102
In base 10, what is 2 - -30457?
30459
In base 7, what is 0 - 2455?
-2455
In base 7, what is 20 - 240640?
-240620
In base 7, what is -12211 + -16?
-12230
In base 2, what is -101001 - 1100010001111?
-1100010111000
In base 10, what is 3050 - -47?
3097
In base 12, what is -3 + -19859?
-19860
In base 5, what is 30020 + 21021?
101041
In base 9, what is -10 - -114051?
114041
In base 14, what is 29c3 + -1?
29c2
In base 11, what is -9534 - 2?
-9536
In base 4, what is -10 + -12123333?
-12130003
In base 16, what is 2 - bf44d?
-bf44b
In base 14, what is 53 + 1d?
72
In base 11, what is -176294 - -1?
-176293
In base 16, what is 94b3b - 0?
94b3b
In base 7, what is 3411 - -3?
3414
In base 4, what is 3003 + -122101?
-113032
In base 11, what is 50 + 592?
632
In base 3, what is -2 + 2100010022?
2100010020
In base 14, what is -6 - -1639?
1633
In base 15, what is -2d75 + -9e?
-2e24
In base 6, what is -21 - -555?
534
In base 9, what is -4263880 - 2?
-4263882
In base 2, what is -111 + 101001011010?
101001010011
In base 12, what is -2 + -78b3?
-78b5
In base 6, what is 2312224 - 1?
2312223
In base 4, what is -3 - 1122011003?
-1122011012
In base 8, what is 0 - -45600?
45600
In base 9, what is -2 - 145272?
-145274
In base 14, what is -244 - -3957?
3713
In base 4, what is 10 + 2023002?
2023012
In base 9, what is 232 - -806?
1138
In base 8, what is 12365 - 450?
11715
In base 9, what is -727 + -67?
-805
In base 5, what is 332 - -31?
413
In base 15, what is -40849 - -2?
-40847
In base 4, what is 10 + 2023130130?
2023130200
In base 2, what is 101111011010101 - -110?
101111011011011
In base 10, what is 151 + 2564?
2715
In base 9, what is -203653 + 6?
-203646
In base 4, what is 20330301 + 3?
20330310
In base 5, what is -222313 + -1?
-222314
In base 11, what is 461 - 532?
-81
In base 13, what is 5 + 2385?
238a
In base 2, what is 10010 + -11001110011111?
-11001110001101
In base 6, what is 242551 + 21?
243012
In base 13, what is 4 - -12b614?
12b618
In base 7, what is 6666 + -36?
6630
In base 5, what is -44 + -21304010?
-21304104
In base 4, what is -10122222 + -10?
-10122232
In base 9, what is -126582 + 4?
-126577
In base 4, what is 13 + 3031302?
3031321
In base 14, what is -13c8b + 10?
-13c7b
In base 10, what is 0 + 230578?
230578
In base 4, what is 12120 + 1212?
13332
In base 14, what is -215 + -71?
-286
In base 10, what is 7041 + -43?
6998
In base 9, what is -1451461 + 4?
-1451456
In base 16, what is -6f + -210?
-27f
In base 15, what is 6c5 + -18?
6ac
In base 7, what is 210 + 36?
246
In base 15, what is -1b3d + -2?
-1b40
In base 2, what is -101101111101110 - 100?
-101101111110010
In base 5, what is -10 - 422303?
-422313
In base 3, what is 1 + -20010000111?
-20010000110
In base 10, what is 19280 - 72?
19208
In base 10, what is 1011 - -55?
1066
In base 10, what is -2 - -177984?
177982
In base 2, what is 11001110 + 110001001?
1001010111
In base 3, what is 2 + 12011200?
12011202
In base 7, what is 163 + 1202?
1365
In base 7, what is -3 + -4552102?
-4552105
In base 13, what is -430 + -30c?
-73c
In base 13, what is 5 - 4856?
-4851
In base 12, what is -50532 + -8?
-5053a
In base 10, what is -152 + 461?
309
In base 16, what is -10 + ecf?
ebf
In base 2, what is 1110101011000001 - 10100?
1110101010101101
In base 10, what is 846933 - 3?
846930
In base 11, what is -1 + -436338?
-436339
In base 11, what is 1 - -3684?
3685
In base 14, what is 694cb + 2?
694cd
In base 10, what is -488 + -66?
-554
In base 5, what is 4 + -4320?
-4311
In base 16, what is -5 + 5acc?
5ac7
In base 8, what is -5 + -233007?
-233014
In base 2, what is -10110 + -11011100100?
-11011111010
In base 16, what is -f5 + 27ee?
26f9
In base 8, what is -616 - 270?
-1106
In base 5, what is -3 - 1324234?
-1324242
In base 10, what is -2 + 546325?
546323
In base 4, what is 1020 - 1113322?
-1112302
In base 15, what is 18 - -95b?
974
In base 7, what is -122022 + 13?
-122006
In base 7, what is 11 + -2202424?
-2202413
In base 6, what is 10121 + -105?
10012
In base 13, what is -189ccb - 4?
-18a002
In base 12, what is 9912a + 0?
9912a
In base 14, what is 5 - -c4ddc?
c5003
In base 10, what is -5108 + -75?
-5183
In base 14, what is 15b8 + 103?
16bb
In base 7, what is -4 - -626632?
626625
In base 2, what is 1101110 + -10110010111?
-10100101001
In base 5, what is 232341 + -124?
232212
In base 2, what is 100000001010 - 1001000100?